ppose -28 = -4*q + 2*a - 4*a, -4*q + 4*a = -4. Suppose -s - 16 = 2*i, 62 = -5*s - 6*i + q*i. Let z = 1 - s. List the prime factors of z.
13
Suppose -60 = 4*w - 4*k, k + 0*k - 51 = 3*w. Let x = -14 - w. List the prime factors of x.
2
Let d = 4804 + -3184. List the prime factors of d.
2, 3, 5
Suppose -j + 2*o = -0*j - 1, -3*j - 5*o + 36 = 0. Let g = 190 + -80. List the prime factors of g/j + 6/21.
2
Let w = -409 + 689. List the prime factors of w.
2, 5, 7
Let a(t) = 9*t - 5. Let u = -19 + 20. What are the prime factors of a(u)?
2
Let l = 659 + 354. List the prime factors of l.
1013
Let v = 9 + -2. Suppose 135 = 2*f + v. List the prime factors of f.
2
Let t = 484 - 50. What are the prime factors of t?
2, 7, 31
Suppose -2*i = -7*i - 440. Let y = i + 246. List the prime factors of y.
2, 79
Let s(r) = r**3 - 12*r**2 - 13*r + 18. List the prime factors of s(15).
2, 3, 83
What are the prime factors of (-8676)/(-7) - 1 - (-12)/(-28)?
2, 619
Let l(f) = -36*f**3 + 39*f**3 + 2*f**2 - 2*f + 2 + 4*f. Let c(m) = 8*m**3 + 6*m**2 + 6*m + 5. Let v(k) = -4*c(k) + 11*l(k). What are the prime factors of v(3)?
5
Suppose -11*x + 9088 = 3082. Suppose x = 4*k + 9*k. What are the prime factors of k?
2, 3, 7
Suppose 5*b = -2*y + 4721, 5*b + 726 + 6343 = 3*y. List the prime factors of y.
2, 3, 131
Let v(u) = -6*u - 8. Let p be v(-2). Suppose -p*h + 255 + 13 = 0. List the prime factors of h.
67
Suppose g + 4 = -4*q + 3*g, 5*g = 4*q + 4. List the prime factors of ((q + -1)*13/(-2))/1.
13
Let a(y) = 2*y**2 + 17*y - 6. Let u be a(-9). Suppose -8*c - 4*h = -u*c - 70, c + 2 = -4*h. Let w = 28 - c. What are the prime factors of w?
2, 5
Let f be 10/35 + (-334)/(-7). Suppose 6*b + f - 198 = 0. What are the prime factors of b?
5
Suppose 34*r = 24*r + 90. Suppose r*n + n - 530 = 0. What are the prime factors of n?
53
Let l = -1136 + 2967. What are the prime factors of l?
1831
Let s(l) = -2*l**2 + 2*l + 28. Suppose -2*b - 15 = -5*m, -3*m + 8 = 2*b - 1. What are the prime factors of s(b)?
2, 7
Let l(g) be the first derivative of -g**4/4 + 11*g**3/3 - 3*g**2/2 - 23*g + 12. What are the prime factors of l(7)?
2, 19
Let m = 1443 + -394. List the prime factors of m.
1049
Let r = 146 - 74. Suppose -40*j + r = -38*j. What are the prime factors of j?
2, 3
Suppose w + 51 = 3*q + 150, -5*w + 559 = q. Suppose -w = 3*o + 99. List the prime factors of o/(-6) + (-2)/(-6).
2, 3
Let v = -6 + 7. List the prime factors of -3*v*192/(-9).
2
Suppose -148*a = -147*a - 361. List the prime factors of a.
19
Let b(o) = 3*o**2 - 29*o - 1. List the prime factors of b(18).
449
Let w(n) = 9*n - 9. Let p be w(8). Let l be (-1 - -280)/3 + -1. Let g = l - p. List the prime factors of g.
29
Suppose -l + 8 = a, -4*l + 3*a + 12 = 2*a. Suppose 116 = l*u - 108. List the prime factors of u.
2, 7
Let m be (4 - 2)*(-1 + 3). Suppose m*r = r + 6. Suppose c + 1 = 0, 5*s - r*s - 6 = -3*c. List the prime factors of s.
3
Let f = -56 - -311. Suppose 0*z - f = -5*z. Suppose 0*t + z = t. List the prime factors of t.
3, 17
Let r = 2031 - 1346. Suppose 0 = 7*g - r - 22. Suppose -2*k + g = 31. List the prime factors of k.
5, 7
Suppose 2*v = -4*q + 124, 0 = -4*v - q + 230 - 17. What are the prime factors of (-13)/v - 930/(-8)?
2, 29
Suppose -3*w - 141 = -6*w. Suppose -3*i - w = -4*i. What are the prime factors of i?
47
Suppose -16*z + 424 + 56 = 0. List the prime factors of z.
2, 3, 5
Let a = -318 - -318. Let k(b) = b**2 - b**2 + 41 + b**2. List the prime factors of k(a).
41
Let s = 208 - -54. Suppose 28 + s = 5*n. List the prime factors of n.
2, 29
Let q(z) = 22*z**2 - 1. Let x be 3 - (0 + 3) - -4. Suppose -x*t = -4*s - 4, -5*s + 6 = 3*t - 5. List the prime factors of q(s).
3, 7
Let r be 2 + 0 + (21 - 17). Suppose r*z = -2*z + 944. List the prime factors of z.
2, 59
Let x(l) = 400*l - 90. What are the prime factors of x(9)?
2, 3, 5, 13
Let m(b) = -b**3 + 4*b**2 + 4*b + 7. Let y be 2 - (-1 - (-6)/(-3)). Let j be m(y). Suppose -c + j*c = 5. What are the prime factors of c?
5
What are the prime factors of (-1737)/36*-4*(2 - 1)?
193
Suppose l = -5*l - 12. Let j be l*5/(40/(-28)). Suppose -j*k - 12 = -285. What are the prime factors of k?
3, 13
Let l be (-468)/10 - (-64)/80. Let s = -26 - l. List the prime factors of s.
2, 5
Let s(n) = n**3 + 3*n**2 - 17*n + 9. Let u = 74 - 68. What are the prime factors of s(u)?
3, 7, 11
Suppose l - 4*d = 829, 4*l - 7*d + 8*d - 3401 = 0. List the prime factors of l.
3, 283
Let z = -16 - -12. List the prime factors of z - (-128 - (-4)/4).
3, 41
Let h(d) = -3*d**2 - 5*d + 6. Let u = 10 - 5. Let w(c) = 4*c**2 + 6*c - 7. Let l(x) = u*w(x) + 6*h(x). List the prime factors of l(1).
3
Let x be (-6)/((-228)/(-1235) - 1/5). Suppose c = 2*v - 264 - 146, 2*v - x = -4*c. List the prime factors of v.
7, 29
Let q be -9 - (-4 - 1 - -1). Let g = 39 + q. What are the prime factors of g?
2, 17
Suppose -4*f + 20080 = 4*o, 236*o - 5*f - 20125 = 232*o. What are the prime factors of o?
3, 5, 67
Suppose 0 = 2*h + 5*f - 1015 - 212, 4*f = 2*h - 1200. List the prime factors of h.
2, 3, 101
Suppose 2*s - 2*c - 39 = 79, -118 = -2*s - 5*c. What are the prime factors of s/7 - 6/14?
2
Let y be 5 - (-10)/(4/(-2)). Let t(m) = 33*m - 1. Let c be t(3). Suppose y = 5*n - 3*h - 140, 0 = 3*n + 3*h - c + 14. What are the prime factors of n?
2, 7
Suppose -3*g + 5202 + 1713 = -3*a, 0 = -g - a + 2305. List the prime factors of g.
5, 461
Suppose 6*b = -3*t + b + 43, 2*b + 14 = 4*t. Let m = t + -6. Suppose 5*v + 5*d = -m*d + 110, -5*v + 96 = -2*d. What are the prime factors of v?
2, 5
Let j(d) = d + 5. Let x be j(3). Let c(f) = -f**2 + 14*f + 14. List the prime factors of c(x).
2, 31
Let x(j) be the third derivative of -j**6/120 + j**5/10 + j**4/6 + 13*j**3/6 + 28*j**2. List the prime factors of x(6).
37
Let f be 2/(-1*(-1 + 2)) - -31. What are the prime factors of f/(40/(-24) + (3 - 1))?
3, 29
Suppose 18 = 4*p - 70. Let x be (-4)/(-14) + (-1086)/(-21). Let j = x - p. What are the prime factors of j?
2, 3, 5
Let a = -30 - -31. What are the prime factors of (-1)/(a/2) + 42?
2, 5
Suppose -37 + 112 = 5*y + 2*s, s = 5. Suppose -8*t = -y*t + 980. What are the prime factors of t?
2, 7
Suppose -19*l - 900 = -15*l. What are the prime factors of 30/l - (-724)/30?
2, 3
Suppose 0 = -x - g + 5 - 2, 5*x = g + 21. Suppose -2*o - 104 = -l, x*l - 485 + 89 = 4*o. What are the prime factors of l?
2, 47
Let s = -155 - -467. What are the prime factors of s?
2, 3, 13
Suppose -q - 2*r + 1932 = 0, -7*r + 9*r = 5*q - 9672. List the prime factors of q.
2, 967
Let w(i) = -12*i + 8. Let y be w(-3). Suppose x = -x + y. List the prime factors of x.
2, 11
Suppose 0 = -f - 4*d - 21, -3*f + d - 24 = -0*d. Let c = 96 - f. What are the prime factors of c?
3, 5, 7
Suppose -34*q = -3*y - 29*q + 1576, y - 3*q = 520. What are the prime factors of y?
2, 7, 19
Let h(b) = 181*b + 134. What are the prime factors of h(3)?
677
Suppose -q - z = -3057, 6*z + 3051 = q + 4*z. What are the prime factors of q?
5, 13, 47
Suppose 5*c = 2*k + 8409, -5*c = -c - 5*k - 6717. What are the prime factors of c?
3, 11, 17
Suppose -61*r = -57*r - 84. Suppose r = 2*g - 29. What are the prime factors of g?
5
Let j(w) = 13*w - 2. Let d be j(2). Let t = -17 + d. Let m(q) = -q**3 + 8*q**2 - 6*q - 2. What are the prime factors of m(t)?
5
Suppose -20*h = -13081 - 3399. List the prime factors of h.
2, 103
Suppose 3*d + 2*d = 20. Let a be ((-2)/(-2))/(-5 + d). What are the prime factors of a - 0 - (-18 - 2)?
19
Let x(z) = 2*z**2 + 4*z - 7. Let l be ((-24)/(-9) + 3/9)/1. List the prime factors of x(l).
23
Suppose -d + 2 = -0. Suppose d*n = 20 - 0. Suppose 8*u - n*u + 12 = 0. What are the prime factors of u?
2, 3
Let f be 2 - (-10)/25*-5. Suppose f = 4*l - d - 73, 4*l - 19 = 3*l + d. List the prime factors of l.
2, 3
Let m = -26 + 57. Let v = m - -53. List the prime factors of v.
2, 3, 7
Suppose -6 = -q - 22. Let h(d) = -d**3 - 17*d**2 - 19*d - 31. What are the prime factors of h(q)?
17
Suppose -5*i + 19237 = -3*u, -4*i - 5*u + 6*u = -15384. What are the prime factors of i?
5, 769
Let j(t) = -t - 8. Let h be j(-8). Suppose o - 2*q + 0*q - 66 = h, 4*o = -q + 282. List the prime factors of o.
2, 5, 7
Let o = -22 - -27. Suppose o*w = -0*w + 15. What are the prime factors of w/12 - 21/(-12)?
2
Suppose z + 558 = 2*y - z